lse
Is 49183887 a multiple of 31?
True
Is 335 a factor of 192924825?
True
Is 1158218541 a multiple of 6341?
False
Does 13 divide 27469351?
True
Is 383 a factor of 4676596?
False
Is 943 a factor of 76322648?
True
Is 29 a factor of 1900051?
True
Is 56427415 a multiple of 7?
False
Is 431878212 a multiple of 904?
False
Does 775 divide 2917479?
False
Is 3194 a factor of 694458644?
True
Is 1403 a factor of 738968518?
True
Is 5530 a factor of 370478205?
False
Is 125448931 a multiple of 2239?
True
Does 1475 divide 24423050?
True
Is 39 a factor of 497520309?
True
Does 329 divide 465489927?
True
Is 710432566 a multiple of 77?
False
Does 409 divide 10174693?
True
Is 4 a factor of 1445572?
True
Is 886995468 a multiple of 1292?
True
Is 53 a factor of 55836465?
False
Is 17 a factor of 14319423?
True
Is 1282 a factor of 24482354?
True
Is 3 a factor of 1036071?
True
Is 27253190 a multiple of 124?
False
Is 12 a factor of 439844232?
True
Is 2919448197 a multiple of 27?
True
Is 170 a factor of 198206878?
False
Does 650 divide 43267250?
True
Does 1245 divide 71119380?
True
Is 25 a factor of 2146102?
False
Is 423312619 a multiple of 4?
False
Is 238619043 a multiple of 23?
True
Is 127938020 a multiple of 95?
True
Is 503 a factor of 1208328912?
False
Is 3379 a factor of 102164065?
True
Is 1401 a factor of 244611798?
True
Is 94713858 a multiple of 6?
True
Does 22 divide 210035452?
True
Is 52329118 a multiple of 65?
False
Is 16535988 a multiple of 252?
True
Is 373046206 a multiple of 2197?
True
Is 17 a factor of 26902748?
False
Is 3344716 a multiple of 17?
True
Is 13 a factor of 114946572?
True
Does 625 divide 67204464?
False
Does 3158 divide 71790814?
True
Is 21753300 a multiple of 75?
True
Is 97 a factor of 88366903?
True
Is 3473 a factor of 150012762?
True
Is 875 a factor of 113103375?
True
Is 22219188 a multiple of 44?
False
Is 40151775 a multiple of 129?
False
Is 81891290 a multiple of 1467?
False
Does 4 divide 368292895?
False
Does 2 divide 49189699?
False
Is 727418377 a multiple of 770?
False
Is 1003 a factor of 749989238?
True
Does 52 divide 43085087?
False
Is 5402213 a multiple of 94?
False
Does 40 divide 1580860840?
True
Is 57 a factor of 122463694?
False
Is 88909245 a multiple of 15?
True
Is 23854880 a multiple of 590?
True
Is 1325888361 a multiple of 21?
True
Does 140 divide 45588340?
True
Is 1058 a factor of 24044379?
False
Does 70 divide 1045854227?
False
Is 2 a factor of 4037772?
True
Is 35468675 a multiple of 1342?
False
Is 4835628 a multiple of 124?
True
Is 22 a factor of 305413878?
True
Is 17 a factor of 186368023?
False
Is 45952833 a multiple of 14?
False
Does 1283 divide 19415639?
True
Is 65 a factor of 5194534?
False
Is 1359845703 a multiple of 14?
False
Is 81706150 a multiple of 2?
True
Is 20479472 a multiple of 241?
False
Is 442 a factor of 28129376?
False
Does 213 divide 20093142?
True
Is 17 a factor of 292664955?
False
Does 16 divide 214839536?
True
Is 2678 a factor of 403727246?
True
Is 1158433470 a multiple of 4905?
True
Is 1604 a factor of 126271692?
True
Is 1648 a factor of 289059200?
True
Does 1112 divide 9525392?
True
Does 97 divide 578329369?
False
Is 65594023 a multiple of 5?
False
Is 545716080 a multiple of 120?
True
Is 4808995295 a multiple of 327?
False
Is 98 a factor of 43571597?
False
Is 226523012 a multiple of 244?
True
Is 531 a factor of 570840399?
True
Does 620 divide 360509209?
False
Is 28 a factor of 321545899?
False
Is 30708928 a multiple of 1294?
False
Is 810 a factor of 2265921540?
True
Is 22 a factor of 108388243?
False
Is 9286260 a multiple of 282?
True
Is 33 a factor of 295826955?
False
Does 581 divide 885421922?
True
Is 191698668 a multiple of 53?
True
Is 2160 a factor of 86164560?
True
Is 14113911 a multiple of 14?
False
Does 19 divide 2548464?
False
Is 21903906 a multiple of 7?
False
Does 22 divide 71705410?
False
Does 2050 divide 44270643?
False
Does 13 divide 93222357?
False
Does 899 divide 3151611714?
True
Is 223072685 a multiple of 752?
False
Does 103 divide 12242786?
True
Is 1343 a factor of 547574454?
False
Is 39 a factor of 13825874?
False
Is 6 a factor of 679694476?
False
Does 8037 divide 322850836?
False
Is 1779 a factor of 69622944?
True
Is 58017089 a multiple of 8?
False
Is 248 a factor of 2475156808?
True
Is 125 a factor of 50285500?
True
Does 179 divide 3032689379?
False
Is 817086375 a multiple of 3347?
True
Does 8 divide 477167968?
True
Is 3268 a factor of 1479283076?
True
Does 1672 divide 1329213248?
True
Is 13 a factor of 37817526?
False
Does 22 divide 33087468?
False
Is 1026930801 a multiple of 79?
False
Does 308 divide 55710815?
False
Is 3410775 a multiple of 9?
True
Is 5948460 a multiple of 28?
True
Is 122473891 a multiple of 491?
False
Is 4508 a factor of 4660474084?
True
Is 1336191948 a multiple of 36?
True
Is 12 a factor of 48289416?
True
Is 74 a factor of 84715274?
True
Does 1240 divide 96017709?
False
Does 18 divide 1665460001?
False
Does 37 divide 174329262?
False
Is 37234706 a multiple of 37?
False
Is 27 a factor of 3507225112?
False
Is 19923008 a multiple of 480?
False
Is 2104 a factor of 165357568?
True
Is 3012 a factor of 3108338049?
False
Is 20536863 a multiple of 8?
False
Is 1392724172 a multiple of 93?
False
Is 846067361 a multiple of 6?
False
Does 6 divide 13964098?
False
Does 173 divide 6262344?
False
Does 4 divide 7921020?
True
Is 18 a factor of 53649918?
True
Does 3784 divide 29503848?
True
Does 14 divide 572809437?
False
Is 91 a factor of 1080950?
False
Is 2 a factor of 6712943?
False
Does 13 divide 237713466?
False
Does 45 divide 6828807?
False
Is 150 a factor of 298180350?
True
Is 11 a factor of 1343939234?
True
Is 74 a factor of 724425220?
True
Is 788790 a multiple of 801?
False
Does 2789 divide 157335890?
False
Is 203 a factor of 323648140?
False
Does 18 divide 34790769?
False
Is 17975240 a multiple of 20?
True
Is 480136064 a multiple of 116?
True
Does 43 divide 11454144?
False
Is 443 a factor of 56816522?
True
Does 15 divide 94300114?
False
Does 216 divide 300489007?
False
Does 93 divide 396468401?
False
Is 16522985 a multiple of 2399?
False
Is 14 a factor of 19851930?
True
Does 37 divide 669498611?
False
Does 240 divide 2451916281?
False
Is 43 a factor of 164318609?
True
Does 406 divide 18012874?
False
Is 2775 a factor of 3689440417?
False
Is 172709325 a multiple of 3538?
False
Does 15 divide 74975746?
False
Is 1171 a factor of 49225327?
True
Is 67 a factor of 118748814?
False
Is 221156279 a multiple of 9?
False
Is 20 a factor of 191312921?
False
Is 9 a factor of 24612291?
True
Is 275043867 a multiple of 817?
True
Is 8893 a factor of 1571659890?
True
Does 193 divide 20977749?
True
Does 949 divide 588676088?
True
Does 1064 divide 15741434?
False
Is 141321553 a multiple of 38?
False
Is 4327317 a multiple of 293?
True
Is 248058216 a multiple of 5416?
True
Does 9 divide 91197927?
True
Is 12 a factor of 132579144?
True
Is 4029 a factor of 1722187992?
True
Is 7 a factor of 1073867268?
False
Is 514 a factor of 574931142?
False
Is 1125808468 a multiple of 466?
True
Does 5 divide 225340614?
False
Is 6 a factor of 22799084?
False
Is 2990120 a multiple of 3304?
True
Is 2976657 a multiple of 618?
False
Is 318 a factor of 32880246?
True
Does 56 divide 98392800?
False
Does 34 divide 425629578?
True
Is 481 a factor of 11277901?
False
Is 148804774 a multiple of 295?
False
Does 302 divide 6067931?
False
Is 263954745 a multiple of 57?
True
Is 33 a factor of 119578389?
False
Does 1749 divide 345053214?
True
Does 135 divide 13267078?
False
Is 16 a factor of 10023920?
True
Is 91639856 a multiple of 1232?
True
Does 47 divide 402546243?
False
Is 1579746 a multiple of 3?
True
Is 839414255 a multiple of 131?
False
Does 1085 divide 29434793?
False
Does 1048 divide 27482426?
False
Is 248426640 a multiple of 16?
True
Is 2092941372 a multiple of 2172?
True
Does 143 divide 3434431?
True
Is 91 a factor of 177125026?
False
Does 1015 divide 10936334?
False
Is 4457813 a multiple of 125?
False
Is 99811137 a multiple of 53?
True
Does 10 divide 1363963660?
True
Does 3 divide 1658439?
True
Does 718 divide 726600922?
True
Is 7863 a factor of 550143042?
False
Does 7 divide 4303910?
False
Is 2633260 a multiple of 245?
True
Does 62 divide 80220932?
True
Does 5 divide 13044009?
False
Does 428 divide 687933816?
T